(33). Calculate the remainder when 0/1 - 73*30/h is divided by 13.
11
Let w(d) = -84*d - 3. Calculate the remainder when w(-6) is divided by 2516/40 + 14/(-1400)*-10.
60
Let x(b) be the third derivative of b**5/60 + b**4/6 + 10*b**3/3 - 53*b**2. What is the remainder when x(-5) is divided by 14?
11
Let s = 49 - 2. Let y = s - 36. Suppose -y = -0*r - 3*r + 5*z, 0 = -3*r - z + 23. What is the remainder when 24 is divided by r?
3
Let q = 256 - 252. Suppose -u + 333 = 2*g, 33 = 5*g + q*u - 798. Calculate the remainder when g is divided by 45.
32
Suppose g = 3, -5*t + g - 8 = 5*g. Let r(x) = 13 + 4312*x - 4317*x - 20. Calculate the remainder when 25 is divided by r(t).
12
What is the remainder when 3 - 3 - 2 - ((-12635)/7)/5 is divided by 140?
79
Suppose 9*g - 21 + 3 = 0. Suppose 0*z + g*z = -4*n + 72, -2*n = 4*z - 132. What is the remainder when z is divided by 19?
13
Suppose -5*c - 9*x + 11*x = 46, 0 = -3*c - 4*x - 12. Calculate the remainder when 90 is divided by (-2)/c + (-455)/(-20).
21
Let x be (-46)/(-1)*(-2 + -7). Let l = -411 - x. Calculate the remainder when 17 is divided by l.
2
Suppose 119*z - 2059 - 11269 = 0. Calculate the remainder when 3469 is divided by z.
109
Let l = 270 - 147. Calculate the remainder when 73 is divided by 6/8 - l/(-12).
7
Let s(v) = 7*v - 1. Let z = -286 + 290. Suppose -259 = -3*h + b, 241 = 4*h + z*b - 115. Calculate the remainder when h is divided by s(2).
9
Suppose -216*k + 73628 = -19252. Calculate the remainder when 1071 is divided by k.
211
Let b be 60/24 - (1 - 9/6). Suppose -c + 4*o + 9 = 2*o, -4*o + 77 = b*c. What is the remainder when 71 is divided by c?
14
Let v(n) = 64*n - 154. Calculate the remainder when 232 is divided by v(6).
2
Let q(d) = -2*d**2 + 30*d - 47. Let t be q(13). Suppose t*k = u + 1500, k - u + 6*u = 274. Calculate the remainder when k is divided by 30.
29
Let i(k) = -k**2 - 7*k - 2. Let z be i(-5). Suppose -z - 7 = -5*f. Let o(x) = -x**2 + 3*x + 1. Calculate the remainder when 6 is divided by o(f).
0
Let p(u) = 6*u**2 - u**3 - 15 - 8*u**2 - 78*u - 20*u**2 + 56*u. Let b be p(-21). Suppose -b*f = f - 140. Calculate the remainder when 58 is divided by f.
18
Let v(k) = 74 - k**3 - 57890*k**2 + 57891*k**2 + 101 - k. What is the remainder when v(0) is divided by 20?
15
Let d(c) be the first derivative of -c**4/4 - c**3 + 4*c**2 + 24*c - 69. Calculate the remainder when 1/1*2 - -22 is divided by d(-4).
0
Suppose h - 60*q = -65*q + 65, -5*h + 5*q = -565. What is the remainder when 11128 is divided by h?
103
Suppose 4*i = 3*h + 39, -4*i + 2*h + 33 = 5*h. Suppose 2*k - 65 = -c, -12*k + i*k = c - 64. Calculate the remainder when c is divided by 15.
7
Let t = 77 + -1306. Let o = -647 - t. Suppose 5*n - o + 167 = 0. What is the remainder when n is divided by 21?
20
Let y(o) = 4*o**2 + 20*o + 2. Let w be y(-10). Suppose 5*v = 5*n - 200, 0*n + 4*v = 5*n - w. What is the remainder when 165 is divided by n?
39
Let g(d) = 228*d + 14716. Calculate the remainder when 154 is divided by g(-64).
30
Let q(j) = j**2 + 19*j + 43. Let z(s) = -3*s**3 - 4*s**2 + 3*s + 9. What is the remainder when z(-3) is divided by q(-18)?
20
Let i(y) = -y**3 + 3*y**2 + 5*y - 4. Let q be i(4). Suppose 3*k - 2*x = 53, q*k - 2*x + 52 = 4*k. What is the remainder when (-242)/(-8) - 10/8 is divided by k?
14
Let s = -1884 - -2125. Calculate the remainder when s is divided by 116.
9
Suppose -3*i - x = -6*x - 157, 64 = i - 4*x. Let g be 0 - (-11)/((-128)/i + 3). Let j = g + -102. Calculate the remainder when 37 is divided by j.
18
Suppose 0 = -2*l + 4*y - 32, 2*y + 48 = -5*l + 4. Let x be ((-1)/(-2))/(l/1160). Let g = -35 - x. What is the remainder when g is divided by 5?
3
Let d(v) = -22*v + 8*v + v + 35. Let l be d(4). Let s(q) = q**3 + 18*q**2 + 14*q - 31. What is the remainder when s(l) is divided by 11?
9
Suppose 5*r = -3*i + 19, -3*i = 4*r - 6*i + 1. Suppose 5*b = 3*m - 149, 3*m + r*b = -2*m + 207. Calculate the remainder when 146 is divided by m.
17
Let p be (-1)/(-9) - 574/(-18). Suppose 14 = -5*t - 6, 2*m + 4*t - p = 0. What is the remainder when m is divided by 9?
6
Let l(w) = 303*w - 3. Let q be l(-1). Let c = 314 + q. What is the remainder when 11 is divided by c?
3
Let x be 5*(2/(-5) + 1). Suppose 3*j + 67 = x*q - 2*j, -4*q - 5*j = -31. Let u = 257878 - 257824. What is the remainder when u is divided by q?
12
Let c(m) = -34*m**3 - 3*m**2 + 2*m + 4. Suppose 0 = -2*r - 3*x - 4, 0*r = -5*r + x - 10. Calculate the remainder when c(r) is divided by 53.
48
Calculate the remainder when (48 - -6 - -2)*53 is divided by 54.
52
Suppose -9465 = -7*s - 2857. Calculate the remainder when s is divided by 467.
10
Suppose 6*d = 291 + 39. Let v = -55 + d. Suppose 3*y = -3*k + 9 + 21, 5*y + 4*k - 53 = v. Calculate the remainder when 37 is divided by y.
11
Suppose -4*u - 441 = -93. Let g = u + 96. What is the remainder when 101/3 + (-2)/(-6) is divided by g?
7
Let z be (72/(-20))/((-3)/15). Suppose 23 = z*p - 17*p. Suppose -11*x + 98 + p = 0. Calculate the remainder when 54 is divided by x.
10
Let s(b) = b**2 - 15*b + 10. Let a be s(15). Suppose -14*u + 56 = -a*u. Let o(g) = 64*g + 3. What is the remainder when o(1) is divided by u?
11
Suppose 3*h = 4*w - 2359, -5*w + 2948 = 133*h - 137*h. Calculate the remainder when 1783 is divided by w.
7
Suppose -2*x - 410 = 4*i - 506, -2*i + 172 = 3*x. Calculate the remainder when 85 is divided by x.
23
Suppose -3*k + 526 = -2*a, 21*k + 180 = 22*k + 4*a. Calculate the remainder when k is divided by 80.
16
Let q = -8342 - -12650. Calculate the remainder when q is divided by 139.
138
What is the remainder when 1098/9 - -6*24/16 is divided by 121?
10
Suppose -3*v + 42 = -v. Suppose -1491*m - 2430 = -1572*m. Calculate the remainder when m is divided by v.
9
Suppose 23*h = -37*h + 9000. Let p = 47 - 33. What is the remainder when h is divided by p?
10
Suppose -16*s - 4*h + 21 = -11*s, -h + 14 = 3*s. Calculate the remainder when 38 is divided by s.
3
What is the remainder when 378404/380 - 4/5 is divided by 23?
6
Let z = -37 + 39. Suppose z*x - 7 + 3 = 0. Suppose -4*k + 2*f + 32 = 0, x*k + 43 = 7*k - f. Calculate the remainder when k is divided by 2.
1
Suppose 5*b = 2*k + 74, 5*b + 5*k - 28 = 67. Calculate the remainder when 59 is divided by b.
11
Let g(x) = 34 + 12 + 8*x**3 - 15 + 15*x - 7*x**3 + 14*x**2. Let s be g(-13). Suppose s*t - 11 = 19. What is the remainder when 27 is divided by t?
3
Let b = -32582 + 32709. What is the remainder when 619 is divided by b?
111
Suppose -173*q = -180*q + 2548. Calculate the remainder when q is divided by 7.
0
Let n(r) = 5*r**2 + r + 1. Let k be n(-1). Let i(t) be the second derivative of 17*t**3/6 + 5*t**2 - 218*t. What is the remainder when i(k) is divided by 24?
23
Suppose -66*q + 1643 = -52048 - 11055. What is the remainder when q is divided by 82?
79
Suppose 4*k = z - 76, 14 + 41 = z + 3*k. Suppose -5*s - 2*n = -11, -62*s - n + 13 = -58*s. What is the remainder when z is divided by s?
4
Let z be (-4 + 12/3)/(1*-1). Suppose 6*c + z*c = 3*c. Suppose -4*f + 260 = 4*b, c = -3*f - b - 3*b + 192. Calculate the remainder when f is divided by 23.
22
Suppose 0 = -5*c - 5*f + 20515, -6*f = 5*c - 8*f - 20571. What is the remainder when c is divided by 70?
51
Let x(k) be the first derivative of -k**3 + 7*k**3 - 16 - 4*k + 8. Calculate the remainder when x(2) is divided by 7.
5
Let m(w) = 19 + 77 - 164*w + 65*w. What is the remainder when m(-5) is divided by 22?
19
Let t = 5380 - 5024. What is the remainder when t is divided by 91?
83
Suppose -12*u = -771 - 1533. Suppose -3*s - 12 = 0, 3*y - 5*s - 260 = y. Calculate the remainder when u is divided by 1/3*(y - 3).
36
Let j = -34 + 39. Suppose -j*w = -5 + 35. What is the remainder when (-4)/w - 638/(-33) is divided by 6?
2
Let l(o) = o**2 - 10*o - 46. Suppose y - 75 = -4*y. What is the remainder when 72 is divided by l(y)?
14
Suppose 0 = -2931*w + 2940*w - 39177. Calculate the remainder when w is divided by 14.
13
Let h = 13280 + -12536. What is the remainder when h is divided by 28?
16
Let p(a) be the first derivative of 2*a**3/3 - 3*a**2/2 - 2*a + 8. Suppose -140 = -33*t + 5*t. Calculate the remainder when p(t) is divided by 18.
15
Suppose 0 = 79*q - 76*q - 351. Suppose -6*u + 21 + q = 0. Let l = -38 - -124. Calculate the r